7
Evaluate -100 - -117 - (0 + -9).
26
What is -22 + 0 - (-403 - -388)?
-7
Evaluate 12 - (5 + 5) - (-5 + 0 + 29).
-22
Evaluate (10 - -1) + (7 + -16 - -1).
3
What is the value of -2 + 3 + (1 - ((4 - 2) + 2))?
-2
1058 + -1035 - (-1 + -1)
25
What is the value of 5 - (8 - (-11 - -8)) - 5?
-11
What is the value of 10 + -4 + -13 + -2?
-9
Evaluate (9 - (0 - (1 - 9))) + -9.
-8
Calculate -1 + 4 + 3 + -8 + -1 + 4.
1
What is the value of 0 + 3 + -4 + 11 + 1?
11
What is -4 - (-16 + (-2 - 0))?
14
What is -44 + 64 + (-40 - -4)?
-16
Evaluate -10 + 12 + -2 - (0 - (5 + -4)).
1
What is (5 - (6 + 8)) + 3 + 30?
24
What is -1 - 0 - (21 + -3 - 21)?
2
-15 - 7 - -12 - -14
4
Evaluate -4 - (0 - 0) - (14 + -2 - 12).
-4
19 + -28 + 0 + 0
-9
Evaluate -29 + (44 - 23) + -1 + -9.
-18
Evaluate 3 + -13 + -6 + 24.
8
What is 4 - (2 - (0 + -11))?
-9
-25 - -5 - (339 - 376)
17
Calculate -13 + (8 - 4) - (-12 + (15 - -7)).
-19
What is the value of (-1 - -8 - (-36 - -35)) + -17?
-9
0 + 25 + (-29 - -22)
18
What is the value of -23 + -2 + 1 - (-792 + 792)?
-24
What is -1 + 2 - (-30 + 48)?
-17
What is the value of -120 - -117 - (-1 + 7)?
-9
What is -4 - ((7 - (-19 + 22)) + 17)?
-25
19 + 18 + -28 + -5 - -10
14
What is 15 - (28 - (36 + -12 + -9))?
2
Evaluate 12 + 30 - (-1 + 22).
21
(29 - 15) + (-27 - -4)
-9
284 + -270 + -3 + 5 + 2
18
Evaluate 9 + -6 + -7 - -14.
10
Calculate -6 + -40 + (1 - -13 - 3) + 10.
-25
What is the value of 19 + -29 + 39 - 31?
-2
What is the value of 3 - ((-4 - -6) + 1 - (-35 - -26))?
-9
What is (-19 - -28) + 26 - 20?
15
Evaluate 1 + -16 + -4 + -12.
-31
Calculate ((18 - 20) + 17 - -1) + -6.
10
What is -27 - (-17 + 8) - -18?
0
Calculate 4 + 0 - (-17 + -15 + 38).
-2
What is the value of (71 - 68) + 0 + -6 + 2?
-1
Calculate -25 + -25 + 40 - (-27 - (-5 - -4)).
16
-23 + (6 - (17 - 11) - -9)
-14
What is the value of (1 - 26) + (17 - 7) + -10 + 11?
-14
Evaluate (0 - -9 - (-59 + 64)) + -2.
2
Calculate -4 + -3 + -2 - (-3 + -5) - 1.
-2
Calculate (-14 - (-20 + 20)) + 24.
10
Calculate 233 + -273 - (-17 - -5).
-28
-3 + (-1 - 0) + -8 + 4 + 5
-3
22 - 10 - (1 + 4 + -8 + 52)
-37
What is the value of (5 + -5 + 2 - 5) + (63 - 28)?
32
What is the value of (1 - 24) + (146 + -157 - (-17 + 0))?
-17
Calculate -1 + (5 - 0) + -71 + 69.
2
-5 + -7 - (-7 + 10 - 1)
-14
Evaluate 1057 + -1067 + (-2 + 3 - -2 - 9).
-16
What is (-1602 - -1595) + 33 + 1?
27
Calculate -11 + (-3 - (-3 + 5 - 2 - -18)).
-32
What is the value of -8 + 1 + (-1 + -24 - -23) + 11?
2
What is the value of (4 - (2 + 1)) + 8?
9
What is 0 - (4 + -2) - (-18 + 21 - 6)?
1
What is the value of (7 - (-2 - (-10 - 1))) + (-5 - -2)?
-5
Calculate -13 - 7 - (-26 - -25).
-19
Evaluate -2 - (0 + 9 - (-15 - -20)) - -18.
12
(13 - 5) + -5 + 0 + -5
-2
(2 - -9) + -4 - 11
-4
What is the value of (1 - -1 - 1) + (-76 - -60) + 4?
-11
-9 - (-23 + 8 - -7) - -11
10
What is (1 - 4) + 29 + -30 - (-50 - -69)?
-23
Evaluate 2 - (-33 + 51 - 36).
20
What is (-5 + 11 - 5) + (4 - (-10 - -2))?
13
((2 - 17) + -8 + 1 - -5) + -7
-24
What is the value of -8 - (3 + 4 + -9) - -14?
8
What is the value of -21 + 37 + -13 + -5?
-2
What is (30 - 12) + (6 - 26)?
-2
What is -14 + (-11 - (-7 - 11)) - 11?
-18
(1 - 4 - -10) + 3 + -20
-10
What is 2 + -61 + 74 + -5 + 15?
25
Calculate -20 + 13 - (8 - 29).
14
Calculate (-181 - -161) + (3 - 5).
-22
What is the value of -4 - (-24 + 12 - -17)?
-9
Evaluate (32 - (-32 + 31)) + -44.
-11
Calculate 7 - (3 + 5 + -5) - 6.
-2
7 - (-7 + 10 + 2 + 7 + -9)
4
Evaluate 56 + -53 - (-5 + 11 - 1).
-2
What is the value of 4 + -24 - (2 + -4)?
-18
What is 22 + (-10 - -10) + -4?
18
Calculate -20 - (-11 + (-6 - 4 - -11)).
-10
Calculate -28 + 42 - (6 + -2).
10
Calculate 0 + -12 + 0 + 0 + 5 - -8.
1
Evaluate ((31 - -7) + -10 - 8) + -8.
12
0 - ((-65 - -52) + (2 - -1))
10
Evaluate (14 + -2 - 2 - 0) + (-9 - -3).
4
Evaluate -10 + 7 + 20 + (-5 - 0 - 0).
12
Calculate -1 + (-1 - (-1 - (7 - 12)) - -6).
0
Evaluate 20 + -20 + (4 - -2) - 0 - 12.
-6
Calculate (2 + -1 - 15 - 0) + (464 - 460).
-10
What is -16 - (19 + (13 - 35 - -13))?
-26
Calculate (4 - 1) + 20 + (-2 - (-26 - -16)).
31
Evaluate -18 + 15 - (2 + (2 - (10 + -4))).
-1
What is -5 - (-7 - (-25 - -14))?
-9
What is -5 + (-6 - -3) - (8 - 13)?
-3
-4 + (0 - 7) - (1 - 2 - 3)
-7
(-2 - 2) + 19 + -16 - (8 + 3)
-12
What is the value of -9 + 36 - 23 - (-2 - (2 + 0))?
8
What is the value of (5 - (8 + 3)) + -5?
-11
What is -2 + 1 + -7 - (22 + -13)?
-17
Evaluate 12 + (-10 - (12 + -9)).
-1
What is (-1 - (1 - 4) - -1) + 1633 + -1610?
26
Evaluate (9 - (0 + -2 - -13)) + 2 + 0.
0
What is 9 + (-9 - (0 - -12))?
-12
(16 - 4) + -31 - -36
17
What is the value of -9 - (-15 + 20 + 7 + -1)?
-20
31 - 32 - (-11 + (-4 - (-6 - -2)))
10
What is the value of (-64 - -56) + (5 - 1) - (0 - 1)?
-3
-2 + -32 - (-13 + -3)
-18
Calculate (-16 - -36 - 20) + -23.
-23
Calculate 18 + (-23 - (-13 + 4 - 0)).
4
-2 + 3 + 9 - (-14 - -7 - -9)
8
51 - 8 - (-29 - -54)
18
(9 - 16) + -3 - -2
-8
Evaluate (0 - 37) + (7 - 7) + -28 + 24.
-41
What is the value of 1 + -3 - (-36 + 32 + (0 - 0))?
2
What is the value of -5 - ((12 - 3) + 11 + -13)?
-12
Calculate (39 - 47) + 2 + -1 + -5.
-12
Calculate (-3 - 13) + (-16 - -37).
5
What is 1 + -9 + -3 + -11 + 27?
5
What is (9 - (2 - 0)) + -17 - 0?
-10
Calculate (0 - (-1 + 5 + -10 + 8)) + 0.
-2
What is the value of -5 + -17 + -18 + 42?
2
Evaluate (53 - 38 - 32) + (20 - 3).
0
Evaluate 6 + (5 + 3 - 7 - (1 + -9)).
15
-7 + (-6 - (2 + -10)) + -6 - -8
-3
What is 12 + -25 + 27 + -24?
-10
Evaluate -7 - -3 - (107 + -127).
16
What is 917 + -917 + -3 + 1 + (17 - -2)?
17
Evaluate 0 - (-2 - -4) - 9.
-11
What is the value of -5 + (2 - -4) - (-4 + 4 + 6)?
-5
Evaluate 7 + (-1 - (20 - (-27 + 11 - -7))).
-23
Calculate 1 - (6 + (-18 - -11)).
2
(113 - 148) + 1 + 18
-16
Calculate -7 + (-11 - (-15 - 4) - (1 - -5)).
-5
What is -2 + -2 + -6 - (-192 - -190)?
-8
What is 1459 + -1462 + (-1 - (-12 + 1)) + 1?
8
What is 4 + 6 + -16 + (-15 + 6 - -4)?
-11
What is the value of (-22 - -7) + 11 + (9 - (-3 - -5))?
3
Calculate 33 - -1 - (-833 - -879).
-12
What is the value of 19 - ((2 - 0) + (6 - 5))?
16
What is -55 + 15 + 43 - (0 + 9)?
-6
Evaluate 159 - 142 - (-2 - -19).
0
Evaluate -17 - -11 - ((1 - -1) + (13 - 18)).
-3
What is the value of -1 - (-3 + -8) - 8 - -5 - -5?
12
Calculate 1 - (24 - 11) - -6.
-6
Calculate (-130 - -116) + (28 - 4).
10
Calculate (-4 + 14 - (3 + 6)) + (-11 - 1).
-11
What is the value of -11 + -6 + (16 - 13)?
-14
Calculate -165 - -173 - (-9 - -3).
14
Calculate 2 - 0 - (13 + (-3 - 22) - -8).
6
Calculate -19 + (2 - -8 - (41 + -33)).
-17
Calculate 27 - (34 + -19 + 11) - (0 + 24).
-23
What is 47 + -31 - (2 - -2)?
12
(3 + 10 - -2) + (-5 - -7 - 4)
13
Evaluate 1 + (-4 - -13) + -7 + 8.
11
Evaluate 1 + 6 - (24 + -14 + -11).
8
Evaluate (-1 - (5 + -19)) + (-33 - -26) + -18.
-12
What is the value of 1 + (2 + -3 - (-13 - -26))?
-13
(20 - 12) + -12 - -14
10
Evaluate -40 - (-1 - (14 + 9)).
-16
What is the value of -6 + -5 + (0 - (-1 + -22))?
12
-48 + (6 - (10 + -14) - -6)
-32
Calculate 2 + (-16 - -18) + 1 + 0.
5
What is (-15 - (16 + -27)) + -7?
-11
Evaluate -14 - (-14 + (-30 - -12)) - 36.
-18
-54 + 48 + (10 - -1) + -2 + 4
7
What is -9 + -19 - -16 - 17?
-29
Evaluate -9 - (6 - (18 - 7) - -5 - 7).
-2
(-1 - -1) + -3 + -1535 + 1560
22
-6 + -38 + 17 - -12
-15
(-32 - -10) + -2 + 5 - -5
-14
10 - (12 - (77 - 81 - (-12 + 0)))
6
Calculate -17 + 11 + 19 - 17.
-4
Evaluate -3 + (20 + -14 - (-2 - 10)).
15
Calculate -3 - (-3 - (9 - (6 - (7 + -5)))).
5
Calculate 5 + -4 + 2 + (-179 - -180).
4
What is the value of (24 + -18 - -1) + (4 - 0 - -1)?
12
-2 + -17 + 57 + -16 + -5 + 0
17
Evaluate (-1 - 1) + 2 + (-7 - (-23 - -24)).
-8
Evaluate 35 + -5 + 15 - (19 - 4).
30
What is -6 + (-2 + 2 - (-4 - (4 + -1)))?
1
Calculate 11 + -26 + -18 + 15.
-18
What is 13 + ((-2 - 1) + (92 - 82) - 9)?
11
(-7 - (29 + -20 - -18)) + (1 - -2)
-31
Evaluate -10 + -20 + 31 + -8.
-7
Evaluate -11 + 18 - (-15 + 25).
-3
What is 2 - 0 - (279 - 293) - -13?
29
Evaluate 2 - 10 - (5 - (24 - 7)).
4
What is -1 + -14 + 16 - 14 - -15?
2
What is the value of -5 + (12 + -43 - -20)?
-16
What is 9 - (8 + (-4 - 4))?
9
What is 23 + -2 + 1 - 2 - (71 + -64)?
13
Calculate (-39 - -50) + -9 - 18.
-16
What is the value of (-227 - -201 - (-10 - (-1 - 1))) + 7?
-11
15 - (4 - 7) - 8
10
10 - (-11 + (15 - 10) - -30) - -5
-9
What is the value